lculate the greatest common divisor of a and m.
1
Suppose -x = 3*x + 3*j + 219, -113 = 2*x + 5*j. Let o be 6/24 - x/8. What is the highest common divisor of o and 70?
7
Let s be ((-1)/(1/(-3)))/((-1)/(-11)). What is the greatest common factor of s and 44?
11
Let k(u) = 3*u**2 - 6*u + 2. Let l be k(4). Let a = l + -6. What is the highest common factor of 20 and a?
20
Let b be (-1638)/(-41) - 326/(-6683). Suppose 3*v - 12 = v + 2*z, 5*v - 3*z - 38 = 0. Calculate the greatest common divisor of b and v.
10
Let y be 4/6*(0 - -24). Let d(o) = 3*o + 46. Let x be d(-14). Calculate the highest common factor of y and x.
4
Let a(w) = 70*w - 26. Let y be a(2). What is the greatest common factor of y and 133?
19
Suppose 0 = -5*w - z + 6, -2*z + 0*z - 6 = w. Suppose 6*q - w = 5*q. Let x be (q/4)/(1/34). What is the highest common factor of 51 and x?
17
Let k = 2 + 11. Suppose k*h + 27 = 16*h. Suppose -4*m + 98 = -5*f, -4*m = -2*m + 2*f - 58. Calculate the greatest common factor of m and h.
9
Let r(v) = 5*v**2 - 18*v - 5. Let j(i) = 11*i**2 - 35*i - 11. Let b(f) = -3*j(f) + 7*r(f). Let p be b(11). What is the greatest common divisor of 27 and p?
9
Let u = -2 - -2. Suppose 4*b = -3*w + 48 + 87, u = -2*w - 6. Let l = -465 - -469. Calculate the greatest common factor of b and l.
4
Suppose 4*a + 4 = 3*p, 0 = 4*a - 3*p + 4*p - 12. Suppose -a*l = -l - 4*c, 80 = 3*l + 4*c. Calculate the greatest common divisor of l and 8.
4
Suppose 25 = 2*l - 3*u, 25 = 5*l - 0*l + 5*u. What is the highest common divisor of l and 3?
1
Let y = -1967 + 2003. What is the highest common divisor of y and 162?
18
Suppose 6*h - 113 = -w + h, -w = -5*h - 113. Let i = 178 - w. Suppose 1 = t - 12. What is the greatest common divisor of t and i?
13
Suppose 75*b - 6464 = 6436. Calculate the greatest common factor of 1462 and b.
86
Suppose 62 = -3*s + 5*s. Suppose 2*c = 8*q - 9*q + 163, -5*c + 330 = 2*q. Calculate the greatest common divisor of s and q.
31
Let d = 104 - 32. Suppose -431 = -11*p - 233. What is the greatest common factor of p and d?
18
Let t = 3 + -3. Let j be t + 0 + (7 - 5). Suppose -j*x = -x - 8. What is the greatest common factor of 56 and x?
8
Let d(c) = -10 + 8 + 0 - 80*c - 4. Let y be d(-2). What is the highest common divisor of y and 22?
22
Let t be (-136)/(-6) + (-19)/(-3) + -5. What is the highest common divisor of 156 and t?
12
Let x be (20/(-3))/((-2)/3). Let p be (-2 - -1*x) + 2. Calculate the greatest common divisor of 4 and p.
2
Let v(a) = -a**3 + 32*a**2 + 108*a - 83. Let s be v(35). Let c(d) = 3*d**2 + 2*d + 3. Let k be c(-2). Calculate the greatest common factor of s and k.
11
Suppose -5*n - 64 = -9*n. Let x(g) = -13*g + 33. Let m be x(-11). What is the greatest common factor of m and n?
16
Let t = 12 + -18. Let k be (28/t)/(7/(-378)). Suppose k = 6*d - 2*d. What is the highest common divisor of 9 and d?
9
Suppose 2*j + 5*r = 149, -212 = -3*j + 38*r - 34*r. What is the greatest common factor of j and 12?
12
Let k = -1181 - -1183. What is the greatest common divisor of 254 and k?
2
Suppose 0 = -8*o + 6*o - 2*y + 18, -4*y - 20 = 0. What is the greatest common divisor of o and 567?
7
Suppose -10 - 100 = -5*x. Calculate the greatest common divisor of x and 253.
11
Suppose 2*m - 5*h + 17 = 0, 5*m - 30 = -4*h + 2*h. Suppose -3*w = -g + 25, -4*w = -2*w - m. Calculate the greatest common factor of 248 and g.
31
Let k = 87 - -3. Calculate the highest common factor of 36 and k.
18
Suppose 4*u = 8, 116*u = -4*v + 119*u + 102. What is the highest common divisor of 972 and v?
27
Let y be ((-36)/30)/((-2)/15). Let i = -25 - y. Let b = -20 - i. Calculate the greatest common divisor of 7 and b.
7
Let f = -210 - -345. Let u(n) = -n**2 + 12*n - 12. Suppose -3*x = -3*y - 24, -3*x + 2 = -4*y - 21. Let h be u(x). What is the greatest common factor of f and h?
15
Suppose -4*k = -3*t - 12, 0 = -4*k + 8*t - 4*t + 8. Let y be 0 + 1 + -5*7. Let f = 58 + y. What is the highest common divisor of f and k?
6
Suppose 0 = -20*d + 562 + 558. Calculate the greatest common factor of 91 and d.
7
Let w(o) = -5*o + 12. Let p be w(-6). Calculate the greatest common divisor of p and 24.
6
Let q = 3888 + -2596. Calculate the highest common divisor of q and 114.
38
Let w be (0 + 7)/(-1 + 768/765). Calculate the highest common divisor of w and 51.
51
Suppose b - 2236 = -3*q, 4*q + 916 = b - 1299. What is the highest common factor of b and 131?
131
Let l be (4 - 2) + (-21 - -177). What is the greatest common factor of l and 1027?
79
Let v be ((-3)/(-2))/(15/(-6) + 2). Let i be (222/5)/(v/(-10)) + -3. Calculate the greatest common divisor of 29 and i.
29
Suppose 5*j - 8*j = -777. Suppose -j = -7*s + 574. Calculate the greatest common divisor of s and 7.
7
Suppose -2*u + 9 = 2*z - 207, 5*z = -10. Suppose -5*h - 2*p + u = 0, 71 = -2*h + 6*h + 5*p. What is the highest common factor of 60 and h?
12
Let y = 41 + -26. Let v(k) = -5*k + 19. Let w(z) = 6*z - 19. Let d(p) = 5*v(p) + 4*w(p). Let r be d(9). Calculate the highest common factor of r and y.
5
Let g = -13 + 19. Suppose -5*n = -y - 17, -2*y + 5*n + g = 25. Let d be -3 - y/((-2)/(-87)). What is the greatest common factor of 12 and d?
12
Let p be (-3)/(9/(-6))*66. What is the greatest common factor of 176 and p?
44
Let g(m) = m**2 + 2*m. Let w be g(-4). Suppose 4*d - 2*y + 8 = 7*d, -y + 11 = 5*d. Calculate the highest common factor of d and w.
2
Let k be 32/(-304) + (-80)/(-38). Calculate the highest common factor of k and 9.
1
Let t be ((-324)/(-15))/(3/20). Suppose -k = -3*k + 4. Suppose y = -k*y + t. Calculate the highest common factor of 32 and y.
16
Let s(w) = 2*w**2 + 2*w - 9. Let o be s(-6). Let f be (-796)/22 - (-2)/11. Let p = -19 - f. Calculate the highest common factor of p and o.
17
Let y(m) = -6*m - 8. Let c be y(-2). Let b be (-7)/(35/(-100))*c/10. Calculate the greatest common factor of b and 24.
8
Suppose 5*c + 5*y = 640, -19*c + 24*c - 600 = 5*y. Calculate the highest common factor of 8 and c.
4
Let n = -285 - -72. Let l = -66 - n. What is the highest common factor of 21 and l?
21
Suppose 2*q - 2*w - 56 = 0, -2*q - w - 54 = -4*q. What is the highest common factor of 247 and q?
13
Let s be (-1)/(-2) - (7 + 2120/(-16)). Calculate the greatest common factor of s and 441.
63
Let o(u) = u + 10. Let t be o(-16). Let m be 2/(-12) - 19/t. Suppose 3 = j, 5*r + j - 24 = 3*j. What is the greatest common factor of m and r?
3
Suppose 0 = c + p + 6, -4*p - 10 = -3*c - 0*p. Let t be (1 - 3 - -8) + c. Calculate the greatest common factor of t and 28.
4
Let q(b) = b**3 - 20*b**2 + 39*b - 19. Let y be q(18). What is the greatest common factor of y and 287?
7
Let u(s) = -9*s + 2. Let d be u(-1). Let m = d + -9. Calculate the highest common divisor of 18 and m.
2
Let k(g) = 2*g**3 - 3*g**2 + 3*g - 3. Let s be k(2). Suppose 0*h - 140 = -s*h. Suppose 0 = -j + 3*j - 100. Calculate the highest common divisor of j and h.
10
Let l = -175 - -207. Let r(c) = 5*c - 2. Let d be r(2). Calculate the greatest common divisor of l and d.
8
Let s(c) = c**2 + 3*c - 4. Let u be s(-6). Let f = 19 - u. Suppose -i + 11 = -4. What is the greatest common divisor of f and i?
5
Let t be 8/3 - 8/12. Suppose -5*b + 127 + 53 = t*a, 2*a = b - 36. Let d = -2 - -11. Calculate the greatest common divisor of b and d.
9
Let x = -244 + 318. What is the greatest common factor of 814 and x?
74
Let m = 963 + 1341. What is the highest common divisor of m and 18?
18
Let k be 38/((-280)/(-46) - 6). What is the greatest common divisor of k and 38?
19
Suppose 0*n = -3*n + 27. Let u(m) = -m**3 + m**2 - 38. Let t be u(0). Let c = -37 - t. Calculate the highest common divisor of c and n.
1
Let v(s) = 34*s + 4. Let l be v(3). Calculate the greatest common divisor of 2 and l.
2
Let v be (-98)/(-4)*2/(-3)*-3. What is the highest common factor of 49 and v?
49
Let v(h) = -h**2 + 3*h - 2. Let x be v(2). Let b(l) = 2*l + 7. Let y be b(x). Suppose y*r - 12*r = -225. What is the highest common divisor of r and 18?
9
Suppose -9263 = -173*n - 48*n + 1345. Let d(h) = 20*h. Let t be d(6). Calculate the highest common divisor of n and t.
24
Let o(k) = 4*k**2 - 2*k + 3. Let i be o(-4). Let y = 13 + 2. What is the greatest common divisor of i and y?
15
Suppose 4*x = 6*x + 5*k - 32, 2*x - 28 = -4*k. Let r(q) = q**3 - 